ppose 10*v - 3 = y. Calculate the remainder when 18 is divided by v.
3
Let n = -5 + 25. Let z = -12 - -109. Calculate the remainder when z is divided by n.
17
Suppose 42*p - 13391 = 14749. What is the remainder when p is divided by 48?
46
Let j be ((-3)/(-4))/((-54)/(-144)). What is the remainder when 13 is divided by 336/32*j/3?
6
What is the remainder when (-8)/(16/3) - 1166/(-4) is divided by 59?
54
Suppose 2*g = 3*j - 165, 4*g = 2*j + 10 - 128. Suppose 3*z + a + a - j = 0, 5*a - 17 = -2*z. Calculate the remainder when 62 is divided by z.
20
Let z be ((-3)/(-2))/((-3)/(-8)). Suppose 4*d = -m + 46 + 6, z*m - 187 = 5*d. Suppose 0 = -4*o + 7*o - m. What is the remainder when 30 is divided by o?
14
Let q = -1832 + 1847. Calculate the remainder when 1765 is divided by q.
10
Let o = -89 - -202. Calculate the remainder when o is divided by 58.
55
Let n = -1614 + 1632. Calculate the remainder when 358 is divided by n.
16
Calculate the remainder when 294/8 + 5/20 is divided by 13.
11
What is the remainder when (-1932)/16*60/(-45) is divided by 62?
37
Let b(u) = 4*u + 42. Calculate the remainder when 102 is divided by b(-5).
14
Suppose 0 = 15*r - 128 - 982. Calculate the remainder when r is divided by 53.
21
Suppose 12*w = 5*w + 133. Suppose -5*b + 233 = -3*p, 0 = -b - 5*p + w + 22. Calculate the remainder when 136 is divided by b.
44
Let o = -54 - -54. Let y(i) = -29*i - 3. Let p be y(-2). Suppose -5*u + o*u + p = 0. What is the remainder when 42 is divided by u?
9
Suppose v + 257 = 4*t, 59 = t - 5*v + 3*v. Calculate the remainder when t is divided by 177 - 166 - 0/(-1).
10
Let y = 149 - 138. Suppose 0 = -2*p + 4*p - 40. Calculate the remainder when p is divided by y.
9
Suppose 2*g - 7*g = -610. Suppose 0 = -8*u + 17*u - 225. What is the remainder when g is divided by u?
22
Let f be 20/(-25) + (-3)/15. What is the remainder when 7 is divided by -2 - f - (3 + -9)?
2
Let r(n) = -3*n - 4. Let y(w) = -w**2 - 3*w - 5. Let j(u) = 5*r(u) - 4*y(u). Calculate the remainder when j(2) is divided by 6.
4
Suppose y - 4 = -a, -a - 2*a - 2*y = -11. Let o = -153 - -155. Suppose -a*h - 3*j + 3 + 30 = 0, o*j = -h + 6. What is the remainder when 30 is divided by h?
14
Calculate the remainder when 298 is divided by ((-2)/4)/(23/(-1978)).
40
Suppose 5*s - 2 - 18 = 0. Calculate the remainder when 103 is divided by (27 - -15)*2/s.
19
Let h(w) = 5*w**2 + w. Let j = -20 - -19. Let p be h(j). Calculate the remainder when 37 is divided by p/(-5) + 69/5.
11
Let m(u) be the first derivative of -u**2/2 + 67*u - 30. Calculate the remainder when 187 is divided by m(20).
46
What is the remainder when 842 is divided by (-5454)/(-72) + (-5)/(-12)*3?
72
Let s = -915 + 905. Let h be (3 - -1)/((-4)/22). Let n = s - h. Calculate the remainder when 32 is divided by n.
8
Let o = -285 - -430. Suppose 6*u - 11*u = -o. What is the remainder when u is divided by 10?
9
Let d(w) = 2*w + 97. Calculate the remainder when 105 is divided by d(-24).
7
Suppose -4*k = -41 - 91. Let x be (2/(-5))/(10/(-450)). Let r = k - x. Calculate the remainder when 58 is divided by r.
13
Suppose 8*l - 8 = 16. Suppose 0 = -5*p - l*g + 26, -4*p + 0*p + g = -14. Calculate the remainder when 57 is divided by p.
1
Let b(u) = 5*u - 3. Let m be b(3). Suppose -3*o = -5*v - 9, 4*o + v - m = 4*v. Suppose 12 = 3*g - o. What is the remainder when 13 is divided by g?
3
Suppose -g + 5 + 8 = 0. Suppose -t - g = -4*z, -2*t = -0*z - 5*z + 11. What is the remainder when 27 is divided by t?
6
Suppose 0 = -5*l + 25, -488 = -3*w - w - 4*l. What is the remainder when 374 is divided by w?
23
Suppose -5*i - 33 = -4*u, -i = 4*i + 25. Suppose -4*v + u*v + 19 = 5*t, 5*v = 4*t + 64. What is the remainder when 58 is divided by v?
10
Let g = -41 - -33. Let t = 26 + g. Suppose 5*c - 284 = c. Calculate the remainder when c is divided by t.
17
Suppose -3*n + 5*p - 9 = -41, 5*p + 46 = 4*n. Let j be n/(-3)*(1 + -4). Suppose 95 = j*u - 9*u. Calculate the remainder when 37 is divided by u.
18
Let b be -9 + (-20)/((-25)/5). Suppose 4 = 3*t - 26. What is the remainder when 402/24 - b/4 is divided by t?
8
Let p = -7737 + 7741. Calculate the remainder when (-6)/((-2)/5*1) is divided by p.
3
Let z(b) = b**2 - 3*b - 8. Suppose -20*q - 4*q = -192. What is the remainder when z(6) is divided by q?
2
Let m = 12 - -15. Let b(i) = -i**3 + 5*i**2 + 34*i - 7. Calculate the remainder when b(7) is divided by m.
25
Let x = 345 + -319. Calculate the remainder when 198 is divided by x.
16
Let n(b) = b**3 - 4*b**2 - b - 5. Let j = -8 + 13. What is the remainder when 20/(-300) - (-1292)/30 is divided by n(j)?
13
Suppose 2*h = 4*h + 4*r + 26, 2*h - r + 16 = 0. What is the remainder when 38 is divided by (1 - 10)*(2 - (-30)/h)?
2
Let r(j) = -26*j + 1. Suppose 0 = a + 15 - 4. Let f(s) = 7*s + 83. Calculate the remainder when r(-1) is divided by f(a).
3
Suppose -c + 2 = -2*b, -4*b = 5*c - 0*b + 4. What is the remainder when 73 + -5 + (0 - c - 2) is divided by 68/3 - 3/(-9)?
20
Suppose -g = 3*g - 28. Let l = 2 + -10. Let n(t) = -t**3 - 7*t**2 + 7*t + 11. Calculate the remainder when n(l) is divided by g.
5
Suppose 3192 = 58*g - 56*g. Calculate the remainder when g is divided by 50.
46
Suppose -4*x + 17*x = 2002. Calculate the remainder when x is divided by 40.
34
Let p = -11 + 40. Let s = p + -65. Let z = -7 - s. Calculate the remainder when 56 is divided by z.
27
Let d be 3/9*3*3. Suppose 5*u = -d*x + 146, 5*x - 2*u = -4*u + 218. Calculate the remainder when x is divided by 15.
12
Let z be (0/(8/4) - 3) + 2. What is the remainder when 25 is divided by -1*(3 + (z - 11))?
7
Let v(c) be the second derivative of -c**3/3 - 3*c**2/2 - 32*c. Calculate the remainder when 3 is divided by v(-3).
0
Let q(o) = o**3 - 9*o**2 + 4*o - 15. Calculate the remainder when (186/(-2))/(3/(-4)) is divided by q(9).
19
Let n be ((-14)/42)/(1/(-24)). Suppose n*o - 240 = 3*o. What is the remainder when o is divided by 13?
9
Suppose 0 = 111*n - 4975 - 131. What is the remainder when n is divided by (54/4)/((-1)/(-2))?
19
Let g = -318 - -345. What is the remainder when 121 is divided by g?
13
Suppose -4*n + 1240 = 6*n. Calculate the remainder when n is divided by 32.
28
Let b(y) = 3*y**3 - 31*y**2 + 8*y - 21. What is the remainder when b(11) is divided by 50?
9
Let c = 15162 + -15136. Suppose 3*h + 17 - 59 = 0. What is the remainder when c is divided by h?
12
What is the remainder when ((-63)/(-35))/((-15)/(-14600)*4) is divided by 26?
22
Let i(s) = 2*s - 4. Let m be ((-7)/(-4))/(2/16). Calculate the remainder when i(m) is divided by (-2)/(6/(-21)) - 2.
4
Let p(s) = -s**3 - 5*s**2 - 2*s - 10. Let k be p(-5). Calculate the remainder when ((-9)/6 + k)/((-3)/92) is divided by 16.
14
Let j = -157 - -252. Let l(w) = 3*w**3 - 4*w**2 - 2*w + 10. Calculate the remainder when j is divided by l(3).
46
Suppose -160 = -2*y + 1258. Calculate the remainder when y is divided by 89.
86
Suppose -2*p = -2*k - 2, p + 5 = -2*p + 5*k. What is the remainder when p is divided by 5?
0
Let r = -27 - 8. Let z(j) = -j**3 + 25*j**2 + 25*j + 81. Let x be z(26). What is the remainder when 38 is divided by (22/x)/((-1)/r)?
10
Suppose -8*w - 195 = -13*w - v, -180 = -5*w - 4*v. What is the remainder when 358 is divided by w?
38
Let j be 3 + (-415)/(2 - 7). Let k = j - 72. What is the remainder when 54 is divided by k?
12
Let o = -83 - 14. Let t(q) = 10*q + 12. Let s be t(-8). Let g = s - o. What is the remainder when g is divided by 16?
13
Suppose -34*w + 22*w = -492. Calculate the remainder when w is divided by 13.
2
Let l = -351 - -401. What is the remainder when l is divided by 9?
5
What is the remainder when (-2)/(-4) - ((-675)/6 - 2) is divided by 8?
3
Let i be -1*3/2*-2. Let h be i/(-15) - 156/(-30). Suppose 3*z - 2*t - 80 = 0, h*z = -3*t + t + 128. Calculate the remainder when z is divided by 9.
8
Suppose -q + 5*r = 56, 15 = 3*q - r + 169. Let z = q - -56. What is the remainder when 23 is divided by z?
3
Suppose 0 = 2*j + 2*j - 44. Calculate the remainder when j is divided by ((3 + 1)/(-8) + 0)*-4.
1
Let w(j) = -j**3 - 16*j**2 - 13*j + 3. Let m be w(-15). Let z = m + 61. Suppose 0 = 4*r - 391 - 141. Calculate the remainder when r is divided by z.
31
Calculate the remainder when 27 is divided by (-2 - 2)/(21/(63/(-4))).
0
Let 